{"id":1879,"date":"2026-08-30T21:09:35","date_gmt":"2026-08-30T21:09:35","guid":{"rendered":"https:\/\/pavaocultural.org.br\/site\/?page_id=1879"},"modified":"2026-08-30T21:50:22","modified_gmt":"2026-08-30T21:50:22","slug":"projetos-especiais","status":"publish","type":"page","link":"https:\/\/pavaocultural.org.br\/site\/projetos-especiais\/","title":{"rendered":"Projetos Especiais"},"content":{"rendered":"\n<div class=\"wp-block-query has-global-padding is-layout-constrained wp-block-query-is-layout-constrained\"><ul class=\"wp-block-post-template has-global-padding is-layout-constrained wp-container-core-post-template-is-layout-fe90dc00 wp-block-post-template-is-layout-constrained\"><li class=\"wp-block-post post-1922 post type-post status-publish format-standard has-post-thumbnail hentry category-projetos-especiais tag-projetos-especiais\">\n\n<div class=\"wp-block-group has-background-alt-background-color has-background is-nowrap is-layout-flex wp-container-core-group-is-layout-96843e42 wp-block-group-is-layout-flex\" style=\"margin-top:0px;margin-bottom:0px;padding-top:0px;padding-right:0px;padding-bottom:0px;padding-left:0px\"><figure style=\"margin-top:0px;margin-right:0px;margin-bottom:0px;margin-left:0px\" class=\"wp-block-post-featured-image wp-duotone-dark-grayscale\"><a href=\"https:\/\/pavaocultural.org.br\/site\/2026\/08\/30\/circulacao-da-exposicao-a-carne-de-gaia\/\" target=\"_self\" ><img loading=\"lazy\" decoding=\"async\" width=\"495\" height=\"620\" src=\"https:\/\/pavaocultural.org.br\/site\/wp-content\/uploads\/2026\/08\/Gaia2.jpg\" class=\"attachment-post-thumbnail size-post-thumbnail wp-post-image\" alt=\"Circula\u00e7\u00e3o da exposi\u00e7\u00e3o A carne de Gaia\" style=\"height:84px;width:16.7vw;object-fit:cover;\" srcset=\"https:\/\/pavaocultural.org.br\/site\/wp-content\/uploads\/2026\/08\/Gaia2.jpg 495w, https:\/\/pavaocultural.org.br\/site\/wp-content\/uploads\/2026\/08\/Gaia2-240x300.jpg 240w\" sizes=\"auto, (max-width: 495px) 100vw, 495px\" \/><\/a><\/figure>\n\n<figure style=\"margin-top:0px;margin-right:0px;margin-bottom:0px;margin-left:0px\" class=\"wp-block-post-featured-image\"><a href=\"https:\/\/pavaocultural.org.br\/site\/2026\/08\/30\/circulacao-da-exposicao-a-carne-de-gaia\/\" target=\"_self\" ><img loading=\"lazy\" decoding=\"async\" width=\"495\" height=\"620\" src=\"https:\/\/pavaocultural.org.br\/site\/wp-content\/uploads\/2026\/08\/Gaia2.jpg\" class=\"attachment-post-thumbnail size-post-thumbnail wp-post-image\" alt=\"Circula\u00e7\u00e3o da exposi\u00e7\u00e3o A carne de Gaia\" style=\"height:84px;width:84px;object-fit:cover;\" srcset=\"https:\/\/pavaocultural.org.br\/site\/wp-content\/uploads\/2026\/08\/Gaia2.jpg 495w, https:\/\/pavaocultural.org.br\/site\/wp-content\/uploads\/2026\/08\/Gaia2-240x300.jpg 240w\" sizes=\"auto, (max-width: 495px) 100vw, 495px\" \/><\/a><\/figure>\n\n<h2 style=\"padding-right:0;padding-left:0;margin-left:24px;margin-right:0px;margin-bottom:28px;margin-top:28px\" class=\"wp-block-post-title has-normal-font-size has-text-align-left\"><a href=\"https:\/\/pavaocultural.org.br\/site\/2026\/08\/30\/circulacao-da-exposicao-a-carne-de-gaia\/\" target=\"_self\" >Circula\u00e7\u00e3o da exposi\u00e7\u00e3o A carne de Gaia<\/a><\/h2>\n\n<div style=\"border-width:1px;padding-right:var(--wp--preset--spacing--30);padding-left:var(--wp--preset--spacing--30);margin-top:0;margin-bottom:0;margin-left:var(--wp--preset--spacing--30)\" class=\"wp-block-post-excerpt has-border-color has-background-alt-border-color\"><p class=\"wp-block-post-excerpt__excerpt\">Circula\u00e7\u00e3o da exposi\u00e7\u00e3o A carne de Gaia contemplada pelo edital Proac 2024 e executada de mar\u00e7o a setembro de 2025 <\/p><\/div><\/div>\n\n<\/li><\/ul>\n\n\n<div class=\"wp-block-group has-global-padding is-layout-constrained wp-block-group-is-layout-constrained\" style=\"margin-top:25px;margin-bottom:25px\"><\/div>\n<\/div>\n","protected":false},"excerpt":{"rendered":"","protected":false},"author":1,"featured_media":1851,"parent":0,"menu_order":0,"comment_status":"closed","ping_status":"closed","template":"","meta":{"footnotes":""},"class_list":["post-1879","page","type-page","status-publish","has-post-thumbnail","hentry"],"_links":{"self":[{"href":"https:\/\/pavaocultural.org.br\/site\/wp-json\/wp\/v2\/pages\/1879","targetHints":{"allow":["GET"]}}],"collection":[{"href":"https:\/\/pavaocultural.org.br\/site\/wp-json\/wp\/v2\/pages"}],"about":[{"href":"https:\/\/pavaocultural.org.br\/site\/wp-json\/wp\/v2\/types\/page"}],"author":[{"embeddable":true,"href":"https:\/\/pavaocultural.org.br\/site\/wp-json\/wp\/v2\/users\/1"}],"replies":[{"embeddable":true,"href":"https:\/\/pavaocultural.org.br\/site\/wp-json\/wp\/v2\/comments?post=1879"}],"version-history":[{"count":17,"href":"https:\/\/pavaocultural.org.br\/site\/wp-json\/wp\/v2\/pages\/1879\/revisions"}],"predecessor-version":[{"id":1925,"href":"https:\/\/pavaocultural.org.br\/site\/wp-json\/wp\/v2\/pages\/1879\/revisions\/1925"}],"wp:featuredmedia":[{"embeddable":true,"href":"https:\/\/pavaocultural.org.br\/site\/wp-json\/wp\/v2\/media\/1851"}],"wp:attachment":[{"href":"https:\/\/pavaocultural.org.br\/site\/wp-json\/wp\/v2\/media?parent=1879"}],"curies":[{"name":"wp","href":"https:\/\/api.w.org\/{rel}","templated":true}]}}

<div class="wp-block-query has-global-padding is-layout-constrained wp-block-query-is-layout-constrained"><ul class="wp-block-post-template has-global-padding is-layout-constrained wp-container-core-post-template-is-layout-fe90dc00 wp-block-post-template-is-layout-constrained"><li class="wp-block-post post-1922 post type-post status-publish format-standard has-post-thumbnail hentry category-projetos-especiais tag-projetos-especiais">

<div class="wp-block-group has-background-alt-background-color has-background is-nowrap is-layout-flex wp-container-core-group-is-layout-96843e42 wp-block-group-is-layout-flex" style="margin-top:0px;margin-bottom:0px;padding-top:0px;padding-right:0px;padding-bottom:0px;padding-left:0px"><figure style="margin-top:0px;margin-right:0px;margin-bottom:0px;margin-left:0px" class="wp-block-post-featured-image wp-duotone-dark-grayscale"><a href="https://pavaocultural.org.br/site/2026/08/30/circulacao-da-exposicao-a-carne-de-gaia/" target="_self" ><img loading="lazy" decoding="async" width="495" height="620" src="https://pavaocultural.org.br/site/wp-content/uploads/2026/08/Gaia2.jpg" class="attachment-post-thumbnail size-post-thumbnail wp-post-image" alt="Circulação da exposição A carne de Gaia" style="height:84px;width:16.7vw;object-fit:cover;" srcset="https://pavaocultural.org.br/site/wp-content/uploads/2026/08/Gaia2.jpg 495w, https://pavaocultural.org.br/site/wp-content/uploads/2026/08/Gaia2-240x300.jpg 240w" sizes="auto, (max-width: 495px) 100vw, 495px" /></a></figure>

<figure style="margin-top:0px;margin-right:0px;margin-bottom:0px;margin-left:0px" class="wp-block-post-featured-image"><a href="https://pavaocultural.org.br/site/2026/08/30/circulacao-da-exposicao-a-carne-de-gaia/" target="_self" ><img loading="lazy" decoding="async" width="495" height="620" src="https://pavaocultural.org.br/site/wp-content/uploads/2026/08/Gaia2.jpg" class="attachment-post-thumbnail size-post-thumbnail wp-post-image" alt="Circulação da exposição A carne de Gaia" style="height:84px;width:84px;object-fit:cover;" srcset="https://pavaocultural.org.br/site/wp-content/uploads/2026/08/Gaia2.jpg 495w, https://pavaocultural.org.br/site/wp-content/uploads/2026/08/Gaia2-240x300.jpg 240w" sizes="auto, (max-width: 495px) 100vw, 495px" /></a></figure>

<h2 style="padding-right:0;padding-left:0;margin-left:24px;margin-right:0px;margin-bottom:28px;margin-top:28px" class="wp-block-post-title has-normal-font-size has-text-align-left"><a href="https://pavaocultural.org.br/site/2026/08/30/circulacao-da-exposicao-a-carne-de-gaia/" target="_self" >Circulação da exposição A carne de Gaia</a></h2>

<div style="border-width:1px;padding-right:var(--wp--preset--spacing--30);padding-left:var(--wp--preset--spacing--30);margin-top:0;margin-bottom:0;margin-left:var(--wp--preset--spacing--30)" class="wp-block-post-excerpt has-border-color has-background-alt-border-color"><p class="wp-block-post-excerpt__excerpt">Circulação da exposição A carne de Gaia contemplada pelo edital Proac 2024 e executada de março a setembro de 2025 </p></div></div>

</li></ul>


<div class="wp-block-group has-global-padding is-layout-constrained wp-block-group-is-layout-constrained" style="margin-top:25px;margin-bottom:25px"></div>
</div>
